hat is x(g)?
6
Let f(u) = 3*u - 4. Let d(h) = 3*h - 3. Let p(x) = -5*d(x) + 4*f(x). Let z(i) = -2*i**3 + i**2 - i + 1. Let g be z(1). What is p(g)?
2
Suppose -5*j + c + 24 = 0, j = 4*c + 27 - 7. Let d(o) = -o**3 + 4*o**2 - o + 3. Calculate d(j).
-1
Let k(p) be the first derivative of -p**3/3 + 5*p**2/2 - 3*p + 1. What is k(4)?
1
Let g(r) = -14 + 0*r**2 + r**3 + 29 - 4*r**2 + 2*r - 17. Give g(3).
-5
Let l = 2 - -4. Let d be 9/l*(-8)/6. Let w be d/(-5) - 14/10. Let x(a) = 7*a**3 + 1. What is x(w)?
-6
Let o(z) = z + 0*z - 4 + 2. Let n(l) = l**3 + 13*l**2 - l - 7. Let w be n(-13). Let t be (9/w)/((-9)/(-30)). What is o(t)?
3
Let d(v) be the second derivative of 0 - 2*v + 1/3*v**3 + 0*v**2 - 1/6*v**4 - 1/10*v**5. Give d(-2).
4
Let h = 34 - 51. Let p = h + 21. Let o(v) be the first derivative of -v**4/4 + 4*v**3/3 + v**2 - 6*v + 1. Give o(p).
2
Let v(t) = -t**3 - t. Let b(g) = 5*g**3 + 5*g + 5*g + 2*g**3 + 5*g**2 + 3 + 0. Let r(i) = b(i) + 6*v(i). What is r(-3)?
9
Let w(c) = c + 22*c**3 - 21*c**3 - 8*c**2 + 3*c**2 + 6. Calculate w(5).
11
Let u(w) be the second derivative of w**5/20 - 3*w**4/4 + 7*w**3/6 + 3*w**2 - 3*w. Let q be u(8). Let b(m) = 2*m**2 + m - 2. What is b(q)?
4
Let a(t) be the third derivative of t**6/120 - t**5/10 - 7*t**4/24 - 4*t**3/3 + 2*t**2 - 26. What is a(7)?
-8
Let o(y) = -y + 2*y**3 - 2*y**2 - 3 + y**3 - 2*y**3. Determine o(3).
3
Let i(h) = -4*h**2 + 6*h + 6. Let o(d) = 5*d**2 - 7*d - 7. Let j(k) = -7*i(k) - 6*o(k). Determine j(-1).
-2
Suppose s = 5*r + 10, 12 = -4*r - 5*s - 25. Let w(b) = -3*b - 3. Give w(r).
6
Suppose 2*d - 3*d = v - 4, 0 = -3*d - 4*v + 11. Suppose 0 = -d*q + 3*k - 10, -2*k = 5*q - 1 + 11. Let j(y) = 1 + 0 - 3*y**2 - 2*y + 1. What is j(q)?
-6
Let z(b) = b**2 + b - 4. Let s = 5 + -5. What is z(s)?
-4
Let r(a) be the second derivative of -a**5/20 + a**4/2 - 5*a**3/6 - 9*a. Give r(4).
12
Suppose 20 = 48*c - 53*c. Let l(z) = -2*z**2 - 4*z - 2. What is l(c)?
-18
Suppose 2*s = s - g - 6, -5*g - 24 = 2*s. Let i(j) = j**3 - 76*j**2 + 76*j**2. What is i(s)?
-8
Let l be (6/12)/(2/24). Let k(m) = 2*m - 7. What is k(l)?
5
Let l(g) = -5*g**2 + 3*g - 6. Let b(c) = c**2 - c - 1. Let f(k) = 4*b(k) + l(k). Let p = 14 + -8. Suppose -4*u = -3*j - 20, 3*u = -p*j + 2*j + 15. Give f(j).
-10
Let m(p) be the second derivative of -p**4/12 - 2*p**3/3 - 5*p**2/2 - 3*p. Let h be 19 + 1 + -1 + -1. Let f be (-1)/(-2) - h/4. Give m(f).
-5
Let y(f) = -f**3 + 4*f**2 + 4*f + 1. Let d(b) = b**3 - 14*b**2 - b + 19. Let a be d(14). Give y(a).
-4
Let y(r) = -3*r + 3. Suppose -9*t = -t - 48. Calculate y(t).
-15
Let c be (1 - -1) + 0 + 0. Let r(n) = 2*n**c - 64*n + 64*n - n**2 - 3. Let u be 1 + -1 - (1 - 1). Give r(u).
-3
Let n(p) = p**2 - 7*p + 1. Let a be ((-6)/(-5))/((-2)/(-10)). Determine n(a).
-5
Let l(g) = -4*g + 5 - 3*g**3 + 4*g**3 - 6 + 3*g**2 - 2*g. Give l(-4).
7
Let o(b) = -b**3 - 4*b**2 + 7*b + 7. Suppose 3*a + 5*c + 23 = 4*a, 2*c + 2 = -2*a. Let u = 7 - a. Suppose 0 = u*g + p + 24, 0*g - 7 = 3*g - 2*p. Determine o(g).
-3
Let b(y) = y**2 + 5. Let h be (-170)/40*(-8)/(-2). Let s = -17 - h. Calculate b(s).
5
Let x(f) = -5*f**2 + 2*f + 2. Let v be x(2). Let q = -6 - v. Let u(s) = s - 6. Let t be u(q). Let a(w) = -3*w**2 + 2*w + 2. Determine a(t).
-6
Let g(x) be the second derivative of 3*x**5/10 - x**4/12 - 10*x. What is g(-1)?
-7
Suppose -3*r + 0*r + 15 = 0. Suppose -j - w + 12 = 2*w, 5*j = r*w. Let v(h) = h - 2. What is v(j)?
1
Let c(k) = -k - 3. Let r be c(-5). Suppose 4 = r*i + 16. Let m(u) = -9*u - 7. Let h(g) = -9*g - 8. Let z(l) = i*h(l) + 7*m(l). What is z(-1)?
8
Let l(g) be the first derivative of -g**3/3 + 3*g + 35. Calculate l(3).
-6
Let o be -1 + 1 + 0 + -6. Let v be (8/12)/(2/o). Let w(j) = -j**2 + j + 5. Let c(k) = -k + 1. Let m(f) = 2*c(f) - w(f). Calculate m(v).
7
Let x(b) = b**2 + 5*b - 5. Suppose 1 = -3*i + 4, -d - 2 = 4*i. What is x(d)?
1
Let h(x) = -x - 1. Let r be 1 - (-1 + 7 + 3). Determine h(r).
7
Suppose -7*n = -19 - 16. Let v(z) = -2*z - z - 2 - 3*z + z**2. Determine v(n).
-7
Let r(x) = -2*x**2 - 3*x + 3. Let l(q) = 3*q**2 - 3*q - 6. Let d be l(5). Suppose -110 = 5*t - y, 3*y = -4*t - d - 15. Let s be (t/2)/7*2. Calculate r(s).
-6
Let v(f) = f**3 + f**2 + f + 1. Let p(z) = -7*z**3 - z**2 - 4*z - 11. Let a(k) = -p(k) - 6*v(k). What is a(5)?
-5
Suppose -4*w + 26 = 2*m, -2*m + 1 = -w - 0*w. Let j(t) be the first derivative of t**3/3 - t**2 - 5. What is j(m)?
3
Suppose 0 = -j + 3 - 1. Suppose -1 = -j*p + 3. Let s(b) = 61 - 55 - 5*b - p*b**2 + b**3 - b**2. Calculate s(4).
2
Let j(g) = -22*g - 1. Let m(z) = z**3 - 3*z**2 - 4*z + 1. Let r be m(4). What is j(r)?
-23
Let s(r) be the first derivative of -3*r**2/2 - 12*r + 16. What is s(-8)?
12
Let l(t) = t**2 - 2*t + 1. Let a be l(-2). Let g(y) = -3*y + 12. Give g(a).
-15
Suppose -3*y - 3*t + 5 = -7*y, -5*y = 2*t + 35. Let w be (-12)/y - 4/10. Let r(u) = -2*u + 4*u**2 - 2*u**3 + 0*u**3 + 3 - 2 - w. Calculate r(2).
-5
Let r(f) = f**2 - f - 5*f + 0 + 4*f - 2. Calculate r(4).
6
Suppose 5*s = 40 - 15. Let f(o) be the first derivative of -o**3 + 4*o - s + 1/2*o**2 + 1/4*o**4. Give f(3).
7
Suppose -116*q + 44*q = -288. Let w(j) = j - 1. Let d(s) = -3*s + 3. Let h(p) = 6*d(p) + 15*w(p). Give h(q).
-9
Let m(i) = i**3 - 5*i**2 - 5*i - 7. Let v(d) = -7*d**3 - d**2 - d - 1. Let k(r) = -r + 11. Let l be k(12). Let x be v(l). Give m(x).
-1
Let o(y) = -10*y + 2. Let u be o(1). Let s(x) = -x**3 - 9*x**2 - 8*x - 1. Give s(u).
-1
Let t = -4 + 3. Let u = 0 + -2. Let q = u - t. Let w(k) = 7*k**3 - k**2. What is w(q)?
-8
Let j(t) be the second derivative of -t**5/20 + t**4/6 + t**3/2 - t**2 + 13*t. Calculate j(3).
-2
Let n(y) = -y**2 - 3*y. Let u be n(-4). Suppose 1 = 2*t - 3. Let f(q) = t*q**2 + 1 - 4*q**2 - 5*q - 3*q**2 - q**3. Determine f(u).
5
Let s(x) = 2*x**3 - 2*x**2 + 3*x - 2. Let l = 20 - 18. What is s(l)?
12
Let x(c) = c**3 + 6*c**2 + 6*c - 1. Let f be (-2)/(-5) - 2/5. Let n(h) = -h**2 - 13. Let t be n(f). Let q = -18 - t. What is x(q)?
-6
Let c(g) be the second derivative of g**4/12 + g**3/3 - g**2/2 + 3*g + 10. Suppose 1 = -k - 1. What is c(k)?
-1
Let u = 69 + -73. Let t(n) = n**2 + 4*n - 2. Give t(u).
-2
Suppose 2*z - 3*z + 3 = 2*h, 4*z + 32 = 3*h. Let s(i) = -i - 3 + 3*i + 4 + 2. What is s(z)?
-7
Let d(h) = h**2 - 3*h - 2. Let o be d(3). Let j be o/4 - 25/(-10). Let m(x) = -1. Let v(w) = w - 6. Let q(u) = 10*m(u) - 2*v(u). Give q(j).
-2
Let g(h) = h**2 - 3. Let x = 17 + -13. Let j = 1 - x. What is g(j)?
6
Let i(d) = -12*d**2 + 5*d + 7. Let y(t) = -t**2 + t + 1. Let u(q) = i(q) - 6*y(q). What is u(1)?
-6
Let f(k) = -k**2 - 4*k + 12. Let r be f(-8). Let s = r - -16. Let g(o) be the second derivative of -o**3/2 - 3*o**2 + o. Give g(s).
6
Let t(v) = v. Let r(m) = 4*m - 2. Let c be (-15)/(-9) + (-6)/9. Let f(k) = c*r(k) - 5*t(k). What is f(-4)?
2
Let b(l) = l**2 - l. Let r(i) = -5*i - 13. Let h(t) = -9*t - 25. Let z(x) = 6*h(x) - 11*r(x). Let n be z(7). What is b(n)?
0
Let y(o) = 3*o**2 - 2*o - 2. Let k = 4 + -1. Suppose 0 = k*b + 1 - 7. Calculate y(b).
6
Suppose -3*b - 2*b + 3*h = -47, 3*b + 3*h = 9. Let k = 2 - b. Let c = k + 5. Let j(p) = p**2 - 9. Determine j(c).
-9
Suppose 27 - 15 = 2*t. Suppose -t = -s - 3. Let g(z) = -z**2 + z - 1. Give g(s).
-7
Let i = 1 + -1. Let r = i + 5. Let c(j) = 5 - r - 4*j**3. Give c(-1).
4
Let j(m) = -m**3 + 6*m**2 - 5*m - 3. Let w = 11 - 8. Let b be (w - 3)/(-2) - 0. Let y = 4 - b. Give j(y).
9
Let v(c) = -c**3 - 4*c**2 - 2*c - 5. Let x be v(-4). Let a = -3 - x. Let l(r) = 2*r + 2 + 4*r - 5*r. Calculate l(a).
-4
Let k(m) = 0*m**3 - 5*m**2 + 4*m**2 + 2 - 4*m + m**3. Let y be (-4)/10 - 27/(-5). Let f be 16/y - 3/15. Calculate k(f).
8
Let q(t) = t**2 - t + 1. Let a be (-1)/(((-4)/6)/2). Let u(h) = -h**2 + 2 + 2*h - 4*h + 3*h**2. Let r(d) = a*u(d) - 7*q(d). What is r(2)?
-3
Let f(a) = -a**2 - 3*a - 3. Let s(q) = 4*q + 4. Let i be s(-2). What is f(i)?
-7
Suppose -6*a + 21 = -15. Let l(k) = k. What is l(a)?
6
Let q(p) = p**3 - 5*p**2 + 3*p - 6. Let r(m) = m**2 + 5*m + 9. Let k be r(-4). Give q(k).
9
Let q be (-3)/(-18) + (-58)/(-12). Let z(a) = a - 1. Determine z(q).
4
Let v be ((-8)/6)/(4/(-6)). Suppose -3 - 9 = -3*x - v*f, -2*f = -4*x + 2. Let d(u) = u**3 - 4*u**x - 1 - 2*u**2 + 3*u**2 - 4*u. Give d(4).
-1
Let s(o) = 6*o - 117*o**2 - 5*o**3 + 5*o**3